29c3
7b9 (base 14) to base 5
22120
2725 (base 11) to base 13
17c0
Convert -12011 (base 4) to base 10.
-389
Convert 31025 (base 9) to base 7.
113402
Convert 2cfc (base 16) to base 9.
16715
-8506 (base 11) to base 4
-2233323
What is -33745 (base 9) in base 16?
-57ce
Convert 3225 (base 6) to base 10.
737
What is -17d9 (base 16) in base 11?
-4650
-10000111100011010 (base 2) to base 6
-1253150
-4314 (base 13) to base 5
-244222
-2132 (base 5) to base 4
-10210
Convert -cc1 (base 14) to base 2.
-100111011001
-40397 (base 10) to base 13
-15506
2f6 (base 16) to base 15
358
-54425 (base 7) to base 8
-32430
14212 (base 5) to base 15
53c
Convert 334423 (base 5) to base 10.
11863
-250150 (base 6) to base 9
-33273
Convert -10120201 (base 3) to base 8.
-5063
What is 528 (base 15) in base 5?
14123
-744 (base 8) to base 3
-122221
Convert 220021 (base 3) to base 7.
1624
101101 (base 3) to base 13
187
Convert -190 (base 13) to base 12.
-1ba
34452 (base 6) to base 15
16d8
Convert -19cc (base 16) to base 14.
-259a
-134 (base 7) to base 16
-4a
What is -11642 (base 7) in base 3?
-11012122
Convert -556 (base 8) to base 6.
-1410
What is 71 (base 11) in base 2?
1001110
-fc8a (base 16) to base 10
-64650
What is 25501 (base 10) in base 11?
18183
-4664 (base 7) to base 15
-792
Convert -79e (base 15) to base 16.
-6bc
Convert 40c (base 16) to base 10.
1036
Convert 24054 (base 7) to base 11.
4739
What is 621 (base 10) in base 13?
38a
5 (base 13) to base 6
5
Convert -201 (base 11) to base 7.
-465
What is -8 (base 15) in base 6?
-12
2a89 (base 15) to base 10
9129
-37ee (base 16) to base 4
-3133232
-1653 (base 13) to base 8
-6317
Convert 2112200 (base 3) to base 12.
10a6
52 (base 10) to base 15
37
What is 3635 (base 8) in base 7?
5453
What is -338 (base 16) in base 3?
-1010112
Convert -211210 (base 3) to base 15.
-2b0
What is -1554 (base 7) in base 11?
-520
Convert -1c9 (base 15) to base 8.
-636
-101100010011101 (base 2) to base 6
-253005
Convert -74 (base 11) to base 15.
-56
What is 8a4 (base 14) in base 12?
ba8
31340 (base 5) to base 10
2095
-2d12 (base 16) to base 7
-45432
-3091 (base 11) to base 5
-112333
Convert -4c5 (base 14) to base 9.
-1273
d42 (base 16) to base 9
4581
Convert -45628 (base 10) to base 9.
-68527
What is -28d (base 14) in base 3?
-201011
What is 2310022 (base 4) in base 2?
10110100001010
What is 32 (base 14) in base 8?
54
-220120 (base 3) to base 14
-355
-2642 (base 8) to base 16
-5a2
Convert -153 (base 16) to base 12.
-243
What is 553 (base 14) in base 8?
2035
What is -1214040 (base 5) in base 6?
-254324
-4103 (base 6) to base 5
-12103
What is 840 (base 10) in base 4?
31020
Convert 224 (base 15) to base 3.
122221
-226 (base 16) to base 3
-202101
-25a0 (base 12) to base 7
-15345
-7139 (base 12) to base 6
-132513
What is -1225400 (base 6) in base 11?
-45672
Convert -100200211 (base 3) to base 16.
-1b9d
Convert 67415 (base 8) to base 3.
1102222221
What is -100001100111101 (base 2) in base 13?
-7ab1
-2111 (base 4) to base 14
-a9
Convert -111001111100 (base 2) to base 3.
-12002100
What is 10322 (base 4) in base 10?
314
Convert 1130202 (base 4) to base 2.
1011100100010
21011131 (base 4) to base 2
1001000101011101
-6550 (base 12) to base 4
-2232030
1714 (base 8) to base 9
1300
Convert 21d (base 16) to base 6.
2301
What is -298 (base 14) in base 6?
-2234
Convert 910 (base 10) to base 13.
550
Convert 21010201 (base 3) to base 8.
12123
2ab54 (base 12) to base 11
4141a
32231 (base 6) to base 5
120121
Convert -2f32 (base 16) to base 15.
-38a7
Convert 10267 (base 10) to base 2.
10100000011011
What is 1000111100110100 (base 2) in base 9?
55253
-18d2 (base 16) to base 14
-245c
Convert -d (base 14) to base 4.
-31
Convert 35502 (base 6) to base 16.
141e
What is -44420 (base 5) in base 4?
-300212
Convert 101110 (base 2) to base 7.
64
Convert -1a9 (base 15) to base 4.
-12000
Convert 675 (base 9) to base 16.
22a
Convert 13101313 (base 4) to base 11.
20445
1210010 (base 3) to base 5
20144
3b9 (base 16) to base 9
1268
What is 824 (base 9) in base 15?
2ea
Convert 1b2b (base 12) to base 16.
d13
Convert 50 (base 15) to base 5.
300
-1212133 (base 4) to base 9
-8887
20aa (base 12) to base 3
11220211
Convert 105d (base 15) to base 4.
312013
-162220 (base 7) to base 4
-13310023
Convert -112002 (base 3) to base 6.
-1432
-9b88 (base 13) to base 9
-32740
Convert -1232 (base 15) to base 14.
-15a8
What is 12102 (base 7) in base 4?
301002
What is -5902 (base 11) in base 10?
-7746
What is -43334 (base 5) in base 12?
-1875
Convert 858 (base 11) to base 9.
1365
1868 (base 12) to base 2
101110010000
c178 (base 15) to base 5
2301323
What is 1931 (base 12) in base 11?
2333
What is -1000101110 (base 2) in base 3?
-202200
-126c (base 15) to base 12
-2333
10160 (base 8) to base 7
15161
-2142 (base 7) to base 14
-3c9
1221021 (base 3) to base 9
1837
Convert 8755 (base 9) to base 6.
45505
Convert -6d (base 15) to base 14.
-75
-209 (base 14) to base 10
-401
Convert -5a5 (base 11) to base 9.
-880
What is -423200 (base 6) in base 9?
-52180
791 (base 11) to base 4
32303
Convert -65438 (base 10) to base 13.
-23a29
Convert -ea (base 16) to base 15.
-109
What is -2502 (base 9) in base 13?
-b06
Convert -24534 (base 8) to base 3.
-112112011
-2022101 (base 4) to base 3
-110010202
Convert -48 (base 16) to base 11.
-66
387 (base 11) to base 5
3313
What is -630 (base 9) in base 7?
-1332
Convert 1110 (base 3) to base 16.
27
Convert -3343 (base 9) to base 11.
-1945
Convert 440101 (base 5) to base 12.
8842
What is 1333 (base 6) in base 2?
101011001
Convert -23031 (base 4) to base 8.
-1315
What is 122021102 (base 3) in base 14?
4837
614 (base 11) to base 3
1000110
Convert 1458 (base 9) to base 4.
101102
Convert 626 (base 8) to base 14.
210
What is -342 (base 12) in base 7?
-1256
457 (base 12) to base 7
1606
Convert 221125 (base 6) to base 7.
104453
Convert 1b (base 12) to base 15.
18
-25b00 (base 12) to base 3
-2121220200
What is -30520 (base 7) in base 2?
-1110100100110
-275 (base 8) to base 15
-c9
-12310 (base 10) to base 3
-121212221
-1317 (base 15) to base 9
-5524
Convert -1969 (base 12) to base 7.
-12024
What is -12011 (base 4) in base 12?
-285
Convert 5898 (base 12) to base 7.
40613
Convert -1011111000 (base 2) to base 5.
-11020
What is -3313 (base 4) in base 14?
-139
Convert -6d0c (base 15) to base 10.
-23187
What is c02 (base 16) in base 10?
3074
Convert -22364 (base 7) to base 2.
-1011000110001
25581 (base 12) to base 9
76767
Convert -3a4a (base 14) to base 13.
-4891
What is 9508 (base 11) in base 7?
51466
Convert -967e (base 15) to base 14.
-b868
-12c68 (base 15) to base 13
-21509
-1130 (base 7) to base 10
-413
Convert -15315 (base 7) to base 3.
-12212100
What is 42223 (base 8) in base 14?
657d
-1207 (base 10) to base 4
-102313
Convert -22737 (base 8) to base 12.
-573b
323445 (base 6) to base 9
40612
-2a61 (base 11) to base 16
-f63
What is -24700 (base 8) in base 4?
-2213000
What is -3a17 (base 12) in base 8?
-14763
202651 (base 7) to base 15
a3da
What is 114 (base 12) in base 13?
c4
Convert -103012 (base 5) to base 4.
-312303
What is 6874 (base 10) in base 12?
3b8a
-33b4 (base 15) to base 12
-6421
What is -30800 (base 9) in base 4?
-10331223
What is 125b (base 15) in base 5?
111121
13042 (base 6) to base 16
7b2
Convert -1418 (base 13) to base 12.
-1812
124 (base 10) to base 13
97
What is 211202 (base 3) in base 16?
266
991 (base 13) to base 5
23024
What is 1042 (base 11) in base 13?
81c
What is 222124 (base 5) in base 15?
2494
-2181 (base 11) to base 15
-cb7
What is 292 (base 11) in base 10?
343
Convert -300 (base 9) to base 14.
-135
-11250 (base 6) to base 9
-2183
-11a2 (base 13) to base 6
-15322
Convert -104011 (base 6) to base 2.
-10000111000111
Convert -110100 (base 3) to base 5.
-2313
What is -4104 (base 6) in base 5?
-12104
What is 120122001 (base 3) in base 7?
45136
Convert -10050 (base 6) to base 2.
-10100101110
Convert 10060 (base 7) to base 12.
14b7
Convert -a61 (base 11) to base 14.
-673
What is -1ec (base 16) in base 14?
-272
1650 (base 7) to base 16
2a0
51 (base 10) to base 11
47
What is 1237 (base 9) in base 8?
1635
What is -808 (base 11) in base 5?
-12401
Convert 56a (base 13) to base 14.
4a9
What is 376 (base 8) in base 7?
512
What is -23647 (base 11) in base 15?
-a152
4c (base 14) to b